{"id":485,"date":"2018-08-24T13:09:24","date_gmt":"2018-08-24T13:09:24","guid":{"rendered":"https:\/\/fliesen-meseberg.de\/?page_id=485"},"modified":"2022-09-26T09:11:09","modified_gmt":"2022-09-26T09:11:09","slug":"xxl-fliesen-grossformat","status":"publish","type":"page","link":"https:\/\/fliesen-meseberg.de\/?page_id=485","title":{"rendered":"XXL Fliesen  Gro\u00dfformat"},"content":{"rendered":"<p><strong>NEU: bei Fliesen Meseberg in Gemmrigheim&nbsp;<\/strong><strong> Verlegung von XXL Fliesen<\/strong><\/p>\n<p><strong>Gro\u00df, gr\u00f6\u00dfer, am gr\u00f6\u00dften: &nbsp;160&#215;320 cm misst die derzeit gr\u00f6\u00dfte keramische Fliese der<\/strong><br \/>\n<strong>Welt. Und das bei einer Materialst\u00e4rke von lediglich 6mm. <\/strong><\/p>\n<p><strong><u>Die Vorteile liegen auf der Hand:<\/u><\/strong> Diese Gro\u00dfformatfliesen f\u00fcr Boden oder Wand &nbsp;lassen den Raum edler und gro\u00dfz\u00fcgiger wirken. Durch den geringen fast nahelosen &nbsp;Fugenanteil l\u00e4sst sich der Boden oder Wandbelag im Bad zudem einfacher reinigen.<br \/>\nAuf der anderen Seite gestaltet sich der Einbau der Fliesen schwieriger. Nicht jeder Handwerker verf\u00fcgt \u00fcber das entsprechende Know-how und die passenden Ger\u00e4te.<br \/>\nWir, die Firma Fliesen Meseberg haben uns mit diesem Thema seit zwei Jahren auseinandergesetzt und verlegen die XXL Formate nunmehr seit einem Jahr. Ob im Badezimmer, im Wohnzimmer als Kaminverkleidung oder als gestaltendes Element (K\u00fcchenplatten, Waschtischablagen, Regale usw.), einiges ist m\u00f6glich. Interessant ist eine Verlegung der XXL-Fliesen auch f\u00fcr gewerbliche R\u00e4ume.<br \/>\nDurch unsere Anschaffung von speziellen Bearbeitungs- und Handlings-Werkzeugen, sind wir<br \/>\nin der Lage, jede Platte bis zu einer Gr\u00f6\u00dfe von Format 160&#215;320 cm zu transportieren und zu<br \/>\nbearbeiten, sofern es die \u00f6rtlichen Begebenheiten zulassen. Nach einem Vororttermin k\u00f6nnen wir unseren Kunden gleich sagen, was m\u00f6glich ist.<br \/>\nDa diese gro\u00dfformatigen Fliesen eine erh\u00f6hte Anforderung bez\u00fcglich des Untergrundes haben, \u00fcbernehmen wir diese Arbeiten selbstverst\u00e4ndlich aus eigener Hand.<br \/>\nJe nach Kundenwunsch k\u00f6nnen wir unsere modernen Fliesen mit Lichttechnik in Szene setzen, was das Bad dann zu einem Highlight macht.<br \/>\nIn unserer Fliesenausstellung in Gemmrigheim, stellen wir eine Auswahl von diesen gro\u00dfformatigen XXL Fliesen aus. Zudem haben wir auch zwei Praxisbeispiele bei uns zu besichtigen, womit man<br \/>\nals Kunde eine Vorstellung bekommt, wie solch eine gro\u00dfe Fliese wirkt.<\/p>\n<p><strong>Lassen Sie sich inspirieren und vereinbaren Sie einen Termin mit uns.<br \/>\nWir werden Sie dann in unserer Ausstellung fachkundig beraten.<\/strong><\/p>\nngg_shortcode_0_placeholder\n","protected":false},"excerpt":{"rendered":"<p>NEU: bei Fliesen Meseberg in Gemmrigheim&nbsp; Verlegung von XXL Fliesen Gro\u00df, gr\u00f6\u00dfer, am gr\u00f6\u00dften: &nbsp;160&#215;320 cm misst die derzeit gr\u00f6\u00dfte keramische Fliese der Welt. Und das bei einer Materialst\u00e4rke von lediglich 6mm. Die Vorteile liegen auf der Hand: Diese Gro\u00dfformatfliesen&#8230;<br \/><a class=\"read-more-button\" href=\"https:\/\/fliesen-meseberg.de\/?page_id=485\">Read more<\/a><\/p>\n","protected":false},"author":2,"featured_media":0,"parent":0,"menu_order":0,"comment_status":"closed","ping_status":"closed","template":"","meta":{"ngg_post_thumbnail":0,"footnotes":""},"class_list":["post-485","page","type-page","status-publish","hentry"],"yoast_head":"<!-- This site is optimized with the Yoast SEO plugin v27.4 - https:\/\/yoast.com\/product\/yoast-seo-wordpress\/ -->\n<title>Verlegung von XXL Fliesen - Fliesen Meseberg - Gemmrigheim<\/title>\n<meta name=\"description\" content=\"Verlegung und Verkauf von XXL Fliesen bei Fliesen Meseberg Gemmrigheim Gro\u00dfe Platten Verlegen nur bei Fliesen Meseberg in Gemmrigheim. Verlegung XXL Fliesen im Landkreis Ludwigsburg. Erfahrung mit XXL Fliesen. Werkzeug zur Verlegung von Gro\u00dfformatigen Fliesen\" \/>\n<meta name=\"robots\" content=\"index, follow, max-snippet:-1, max-image-preview:large, max-video-preview:-1\" \/>\n<link rel=\"canonical\" href=\"https:\/\/fliesen-meseberg.de\/?page_id=485\" \/>\n<meta property=\"og:locale\" content=\"de_DE\" \/>\n<meta property=\"og:type\" content=\"article\" \/>\n<meta property=\"og:title\" content=\"Verlegung von XXL Fliesen - Fliesen Meseberg - Gemmrigheim\" \/>\n<meta property=\"og:description\" content=\"Verlegung und Verkauf von XXL Fliesen bei Fliesen Meseberg Gemmrigheim Gro\u00dfe Platten Verlegen nur bei Fliesen Meseberg in Gemmrigheim. Verlegung XXL Fliesen im Landkreis Ludwigsburg. Erfahrung mit XXL Fliesen. Werkzeug zur Verlegung von Gro\u00dfformatigen Fliesen\" \/>\n<meta property=\"og:url\" content=\"https:\/\/fliesen-meseberg.de\/?page_id=485\" \/>\n<meta property=\"og:site_name\" content=\"Fliesen Meseberg\" \/>\n<meta property=\"article:publisher\" content=\"https:\/\/www.facebook.com\/fliesenmeseberg\" \/>\n<meta property=\"article:modified_time\" content=\"2022-09-26T09:11:09+00:00\" \/>\n<meta name=\"twitter:label1\" content=\"Gesch\u00e4tzte Lesezeit\" \/>\n\t<meta name=\"twitter:data1\" content=\"2\u00a0Minuten\" \/>\n<script type=\"application\/ld+json\" class=\"yoast-schema-graph\">{\"@context\":\"https:\\\/\\\/schema.org\",\"@graph\":[{\"@type\":\"WebPage\",\"@id\":\"https:\\\/\\\/fliesen-meseberg.de\\\/?page_id=485\",\"url\":\"https:\\\/\\\/fliesen-meseberg.de\\\/?page_id=485\",\"name\":\"Verlegung von XXL Fliesen - Fliesen Meseberg - Gemmrigheim\",\"isPartOf\":{\"@id\":\"https:\\\/\\\/fliesen-meseberg.de\\\/#website\"},\"datePublished\":\"2018-08-24T13:09:24+00:00\",\"dateModified\":\"2022-09-26T09:11:09+00:00\",\"description\":\"Verlegung und Verkauf von XXL Fliesen bei Fliesen Meseberg Gemmrigheim Gro\u00dfe Platten Verlegen nur bei Fliesen Meseberg in Gemmrigheim. Verlegung XXL Fliesen im Landkreis Ludwigsburg. Erfahrung mit XXL Fliesen. Werkzeug zur Verlegung von Gro\u00dfformatigen Fliesen\",\"breadcrumb\":{\"@id\":\"https:\\\/\\\/fliesen-meseberg.de\\\/?page_id=485#breadcrumb\"},\"inLanguage\":\"de\",\"potentialAction\":[{\"@type\":\"ReadAction\",\"target\":[\"https:\\\/\\\/fliesen-meseberg.de\\\/?page_id=485\"]}]},{\"@type\":\"BreadcrumbList\",\"@id\":\"https:\\\/\\\/fliesen-meseberg.de\\\/?page_id=485#breadcrumb\",\"itemListElement\":[{\"@type\":\"ListItem\",\"position\":1,\"name\":\"Home\",\"item\":\"https:\\\/\\\/fliesen-meseberg.de\\\/\"},{\"@type\":\"ListItem\",\"position\":2,\"name\":\"XXL Fliesen Gro\u00dfformat\"}]},{\"@type\":\"WebSite\",\"@id\":\"https:\\\/\\\/fliesen-meseberg.de\\\/#website\",\"url\":\"https:\\\/\\\/fliesen-meseberg.de\\\/\",\"name\":\"Fliesen Meseberg\",\"description\":\"Ihr Fliesenlegerbetrieb mit spezialisiertem Fachpersonal\",\"publisher\":{\"@id\":\"https:\\\/\\\/fliesen-meseberg.de\\\/#organization\"},\"potentialAction\":[{\"@type\":\"SearchAction\",\"target\":{\"@type\":\"EntryPoint\",\"urlTemplate\":\"https:\\\/\\\/fliesen-meseberg.de\\\/?s={search_term_string}\"},\"query-input\":{\"@type\":\"PropertyValueSpecification\",\"valueRequired\":true,\"valueName\":\"search_term_string\"}}],\"inLanguage\":\"de\"},{\"@type\":\"Organization\",\"@id\":\"https:\\\/\\\/fliesen-meseberg.de\\\/#organization\",\"name\":\"Fliesen Meseberg\",\"url\":\"https:\\\/\\\/fliesen-meseberg.de\\\/\",\"logo\":{\"@type\":\"ImageObject\",\"inLanguage\":\"de\",\"@id\":\"https:\\\/\\\/fliesen-meseberg.de\\\/#\\\/schema\\\/logo\\\/image\\\/\",\"url\":\"https:\\\/\\\/fliesen-meseberg.de\\\/wp-content\\\/uploads\\\/2018\\\/04\\\/stern.jpg\",\"contentUrl\":\"https:\\\/\\\/fliesen-meseberg.de\\\/wp-content\\\/uploads\\\/2018\\\/04\\\/stern.jpg\",\"width\":338,\"height\":321,\"caption\":\"Fliesen Meseberg\"},\"image\":{\"@id\":\"https:\\\/\\\/fliesen-meseberg.de\\\/#\\\/schema\\\/logo\\\/image\\\/\"},\"sameAs\":[\"https:\\\/\\\/www.facebook.com\\\/fliesenmeseberg\"]}]}<\/script>\n<!-- \/ Yoast SEO plugin. -->","yoast_head_json":{"title":"Verlegung von XXL Fliesen - Fliesen Meseberg - Gemmrigheim","description":"Verlegung und Verkauf von XXL Fliesen bei Fliesen Meseberg Gemmrigheim Gro\u00dfe Platten Verlegen nur bei Fliesen Meseberg in Gemmrigheim. Verlegung XXL Fliesen im Landkreis Ludwigsburg. Erfahrung mit XXL Fliesen. Werkzeug zur Verlegung von Gro\u00dfformatigen Fliesen","robots":{"index":"index","follow":"follow","max-snippet":"max-snippet:-1","max-image-preview":"max-image-preview:large","max-video-preview":"max-video-preview:-1"},"canonical":"https:\/\/fliesen-meseberg.de\/?page_id=485","og_locale":"de_DE","og_type":"article","og_title":"Verlegung von XXL Fliesen - Fliesen Meseberg - Gemmrigheim","og_description":"Verlegung und Verkauf von XXL Fliesen bei Fliesen Meseberg Gemmrigheim Gro\u00dfe Platten Verlegen nur bei Fliesen Meseberg in Gemmrigheim. Verlegung XXL Fliesen im Landkreis Ludwigsburg. Erfahrung mit XXL Fliesen. Werkzeug zur Verlegung von Gro\u00dfformatigen Fliesen","og_url":"https:\/\/fliesen-meseberg.de\/?page_id=485","og_site_name":"Fliesen Meseberg","article_publisher":"https:\/\/www.facebook.com\/fliesenmeseberg","article_modified_time":"2022-09-26T09:11:09+00:00","twitter_misc":{"Gesch\u00e4tzte Lesezeit":"2\u00a0Minuten"},"schema":{"@context":"https:\/\/schema.org","@graph":[{"@type":"WebPage","@id":"https:\/\/fliesen-meseberg.de\/?page_id=485","url":"https:\/\/fliesen-meseberg.de\/?page_id=485","name":"Verlegung von XXL Fliesen - Fliesen Meseberg - Gemmrigheim","isPartOf":{"@id":"https:\/\/fliesen-meseberg.de\/#website"},"datePublished":"2018-08-24T13:09:24+00:00","dateModified":"2022-09-26T09:11:09+00:00","description":"Verlegung und Verkauf von XXL Fliesen bei Fliesen Meseberg Gemmrigheim Gro\u00dfe Platten Verlegen nur bei Fliesen Meseberg in Gemmrigheim. Verlegung XXL Fliesen im Landkreis Ludwigsburg. Erfahrung mit XXL Fliesen. Werkzeug zur Verlegung von Gro\u00dfformatigen Fliesen","breadcrumb":{"@id":"https:\/\/fliesen-meseberg.de\/?page_id=485#breadcrumb"},"inLanguage":"de","potentialAction":[{"@type":"ReadAction","target":["https:\/\/fliesen-meseberg.de\/?page_id=485"]}]},{"@type":"BreadcrumbList","@id":"https:\/\/fliesen-meseberg.de\/?page_id=485#breadcrumb","itemListElement":[{"@type":"ListItem","position":1,"name":"Home","item":"https:\/\/fliesen-meseberg.de\/"},{"@type":"ListItem","position":2,"name":"XXL Fliesen Gro\u00dfformat"}]},{"@type":"WebSite","@id":"https:\/\/fliesen-meseberg.de\/#website","url":"https:\/\/fliesen-meseberg.de\/","name":"Fliesen Meseberg","description":"Ihr Fliesenlegerbetrieb mit spezialisiertem Fachpersonal","publisher":{"@id":"https:\/\/fliesen-meseberg.de\/#organization"},"potentialAction":[{"@type":"SearchAction","target":{"@type":"EntryPoint","urlTemplate":"https:\/\/fliesen-meseberg.de\/?s={search_term_string}"},"query-input":{"@type":"PropertyValueSpecification","valueRequired":true,"valueName":"search_term_string"}}],"inLanguage":"de"},{"@type":"Organization","@id":"https:\/\/fliesen-meseberg.de\/#organization","name":"Fliesen Meseberg","url":"https:\/\/fliesen-meseberg.de\/","logo":{"@type":"ImageObject","inLanguage":"de","@id":"https:\/\/fliesen-meseberg.de\/#\/schema\/logo\/image\/","url":"https:\/\/fliesen-meseberg.de\/wp-content\/uploads\/2018\/04\/stern.jpg","contentUrl":"https:\/\/fliesen-meseberg.de\/wp-content\/uploads\/2018\/04\/stern.jpg","width":338,"height":321,"caption":"Fliesen Meseberg"},"image":{"@id":"https:\/\/fliesen-meseberg.de\/#\/schema\/logo\/image\/"},"sameAs":["https:\/\/www.facebook.com\/fliesenmeseberg"]}]}},"_links":{"self":[{"href":"https:\/\/fliesen-meseberg.de\/index.php?rest_route=\/wp\/v2\/pages\/485","targetHints":{"allow":["GET"]}}],"collection":[{"href":"https:\/\/fliesen-meseberg.de\/index.php?rest_route=\/wp\/v2\/pages"}],"about":[{"href":"https:\/\/fliesen-meseberg.de\/index.php?rest_route=\/wp\/v2\/types\/page"}],"author":[{"embeddable":true,"href":"https:\/\/fliesen-meseberg.de\/index.php?rest_route=\/wp\/v2\/users\/2"}],"replies":[{"embeddable":true,"href":"https:\/\/fliesen-meseberg.de\/index.php?rest_route=%2Fwp%2Fv2%2Fcomments&post=485"}],"version-history":[{"count":11,"href":"https:\/\/fliesen-meseberg.de\/index.php?rest_route=\/wp\/v2\/pages\/485\/revisions"}],"predecessor-version":[{"id":604,"href":"https:\/\/fliesen-meseberg.de\/index.php?rest_route=\/wp\/v2\/pages\/485\/revisions\/604"}],"wp:attachment":[{"href":"https:\/\/fliesen-meseberg.de\/index.php?rest_route=%2Fwp%2Fv2%2Fmedia&parent=485"}],"curies":[{"name":"wp","href":"https:\/\/api.w.org\/{rel}","templated":true}]}}