{"id":368,"date":"2018-04-16T16:50:04","date_gmt":"2018-04-16T16:50:04","guid":{"rendered":"https:\/\/fliesen-meseberg.de\/?page_id=368"},"modified":"2023-01-13T10:36:22","modified_gmt":"2023-01-13T10:36:22","slug":"datenschutz","status":"publish","type":"page","link":"https:\/\/fliesen-meseberg.de\/?page_id=368","title":{"rendered":"Datenschutzerkl\u00e4rung"},"content":{"rendered":"<p>Verantwortliche Stelle im Sinne der Datenschutzgesetze ist:<\/p>\n<p>Fliesenfachbetrieb<br \/>\nM. Meseberg<br \/>\nHauptstra\u00dfe 58<br \/>\n74376 Gemmrigheim<\/p>\n<h2>Cookies<\/h2>\n<p>Wie viele andere Webseiten verwenden wir auch so genannte \u201eCookies\u201c. Cookies sind kleine Textdateien, die von einem Webseitenserver auf Ihre Festplatte \u00fcbertragen werden. Hierdurch erhalten wir automatisch bestimmte Daten wie z. B. IP-Adresse, verwendeter Browser, Betriebssystem \u00fcber Ihren Computer und Ihre Verbindung zum Internet.<\/p>\n<p>Cookies k\u00f6nnen nicht verwendet werden, um Programme zu starten oder Viren auf einen Computer zu \u00fcbertragen. Anhand der in Cookies enthaltenen Informationen k\u00f6nnen wir Ihnen die Navigation erleichtern und die korrekte Anzeige unserer Webseiten erm\u00f6glichen.<\/p>\n<p>In keinem Fall werden die von uns erfassten Daten an Dritte weitergegeben oder ohne Ihre Einwilligung eine Verkn\u00fcpfung mit personenbezogenen Daten hergestellt.<\/p>\n<p>Nat\u00fcrlich k\u00f6nnen Sie unsere Website grunds\u00e4tzlich auch ohne Cookies betrachten. Internet-Browser sind regelm\u00e4\u00dfig so eingestellt, dass sie Cookies akzeptieren. Sie k\u00f6nnen die Verwendung von Cookies jederzeit \u00fcber die Einstellungen Ihres Browsers deaktivieren. Bitte verwenden Sie die Hilfefunktionen Ihres Internetbrowsers, um zu erfahren, wie Sie diese Einstellungen \u00e4ndern k\u00f6nnen. Bitte beachten Sie, dass einzelne Funktionen unserer Website m\u00f6glicherweise nicht funktionieren, wenn Sie die Verwendung von Cookies deaktiviert haben.<strong>(s. auch ganz unten)<\/strong><\/p>\n<h2>SSL-Verschl\u00fcsselung<\/h2>\n<p>Um die Sicherheit Ihrer Daten bei der \u00dcbertragung zu sch\u00fctzen, verwenden wir dem aktuellen Stand der Technik entsprechende Verschl\u00fcsselungsverfahren (z. B. SSL) \u00fcber HTTPS.<\/p>\n<h2>Kontaktformular<\/h2>\n<p>Treten Sie per E-Mail oder Kontaktformular mit uns in Kontakt, werden die von Ihnen gemachten Angaben zum Zwecke der Bearbeitung der Anfrage sowie f\u00fcr m\u00f6gliche Anschlussfragen gespeichert.<\/p>\n<h2>L\u00f6schung bzw. Sperrung der Daten<\/h2>\n<p>Wir halten uns an die Grunds\u00e4tze der Datenvermeidung und Datensparsamkeit. Wir speichern Ihre personenbezogenen Daten daher nur so lange, wie dies zur Erreichung der hier genannten Zwecke erforderlich ist oder wie es die vom Gesetzgeber vorgesehenen vielf\u00e4ltigen Speicherfristen vorsehen. Nach Fortfall des jeweiligen Zweckes bzw. Ablauf dieser Fristen werden die entsprechenden Daten routinem\u00e4\u00dfig und entsprechend den gesetzlichen Vorschriften gesperrt oder gel\u00f6scht.<\/p>\n<h2>Verwendung von Google Maps<\/h2>\n<p>Diese Webseite verwendet Google Maps API, um geographische Informationen visuell darzustellen. Bei der Nutzung von Google Maps werden von Google auch Daten \u00fcber die Nutzung der Kartenfunktionen durch Besucher erhoben, verarbeitet und genutzt. N\u00e4here Informationen \u00fcber die Datenverarbeitung durch Google k\u00f6nnen Sie <a href=\"http:\/\/www.google.com\/privacypolicy.html\">den Google-Datenschutzhinweisen<\/a> entnehmen. Dort k\u00f6nnen Sie im Datenschutzcenter auch Ihre pers\u00f6nlichen Datenschutz-Einstellungen ver\u00e4ndern.<\/p>\n<p>Ausf\u00fchrliche Anleitungen zur Verwaltung der eigenen Daten im Zusammenhang mit Google-Produkten<a href=\"http:\/\/www.dataliberation.org\/\"> finden Sie hier<\/a>.<\/p>\n<h2><strong>Ihre Rechte auf Auskunft, Berichtigung, Sperre, L\u00f6schung und Widerspruch<\/strong><\/h2>\n<p>Sie haben das Recht, jederzeit Auskunft \u00fcber Ihre bei uns gespeicherten personenbezogenen Daten zu erhalten. Ebenso haben Sie das Recht auf Berichtigung, Sperrung oder, abgesehen von der vorgeschriebenen Datenspeicherung zur Gesch\u00e4ftsabwicklung, L\u00f6schung Ihrer personenbezogenen Daten. Bitte wenden Sie sich dazu an unseren Datenschutzbeauftragten. Die Kontaktdaten finden Sie ganz unten.<\/p>\n<p>Damit eine Sperre von Daten jederzeit ber\u00fccksichtigt werden kann, m\u00fcssen diese Daten zu Kontrollzwecken in einer Sperrdatei vorgehalten werden. Sie k\u00f6nnen auch die L\u00f6schung der Daten verlangen, soweit keine gesetzliche Archivierungsverpflichtung besteht. Soweit eine solche Verpflichtung besteht, sperren wir Ihre Daten auf Wunsch.<\/p>\n<p>Sie k\u00f6nnen \u00c4nderungen oder den Widerruf einer Einwilligung durch entsprechende Mitteilung an uns mit Wirkung f\u00fcr die Zukunft vornehmen.<\/p>\n<h2><strong>\u00c4nderung unserer Datenschutzbestimmungen<\/strong><\/h2>\n<p>Wir behalten uns vor, diese Datenschutzerkl\u00e4rung gelegentlich anzupassen, damit sie stets den aktuellen rechtlichen Anforderungen entspricht oder um \u00c4nderungen unserer Leistungen in der Datenschutzerkl\u00e4rung umzusetzen, z. B. bei der Einf\u00fchrung neuer Services. F\u00fcr Ihren erneuten Besuch gilt dann die neue Datenschutzerkl\u00e4rung.<\/p>\n<h2><strong>Fragen an den Datenschutzbeauftragten<\/strong><\/h2>\n<p>Wenn Sie Fragen zum Datenschutz haben, schreiben Sie uns bitte eine E-Mail oder wenden Sie sich direkt an unseren Datenschutzbeauftragten:<\/p>\n<p>Marcus Meseberg, kontakt@fliesen-meseberg.de<\/p>\n<p><em>Die Datenschutzerkl\u00e4rung wurde mit dem <\/em><a href=\"https:\/\/www.activemind.de\/datenschutz\/datenschutzhinweis-generator\/\"><em>Datenschutzerkl\u00e4rungs-Generator der activeMind AG erstellt<\/em><br \/>\n<\/a><em>.<\/em><\/p>\n<p><script id=\"CookieDeclaration\" src=\"https:\/\/consent.cookiebot.com\/21d6dea1-a080-4f63-bd44-3a7f40e24ed2\/cd.js\" type=\"text\/javascript\" async=\"\"><\/script><\/p>\n","protected":false},"excerpt":{"rendered":"<p>Verantwortliche Stelle im Sinne der Datenschutzgesetze ist: Fliesenfachbetrieb M. Meseberg Hauptstra\u00dfe 58 74376 Gemmrigheim Cookies Wie viele andere Webseiten verwenden wir auch so genannte \u201eCookies\u201c. Cookies sind kleine Textdateien, die von einem Webseitenserver auf Ihre Festplatte \u00fcbertragen werden. Hierdurch erhalten&#8230;<br \/><a class=\"read-more-button\" href=\"https:\/\/fliesen-meseberg.de\/?page_id=368\">Read more<\/a><\/p>\n","protected":false},"author":2,"featured_media":0,"parent":0,"menu_order":0,"comment_status":"closed","ping_status":"closed","template":"template-full-width.php","meta":{"ngg_post_thumbnail":0,"footnotes":""},"class_list":["post-368","page","type-page","status-publish","hentry"],"yoast_head":"<!-- This site is optimized with the Yoast SEO plugin v27.4 - https:\/\/yoast.com\/product\/yoast-seo-wordpress\/ -->\n<title>Datenschutzerkl\u00e4rung | Fliesen Meseberg<\/title>\n<meta name=\"robots\" content=\"index, follow, max-snippet:-1, max-image-preview:large, max-video-preview:-1\" \/>\n<link rel=\"canonical\" href=\"https:\/\/fliesen-meseberg.de\/?page_id=368\" \/>\n<meta property=\"og:locale\" content=\"de_DE\" \/>\n<meta property=\"og:type\" content=\"article\" \/>\n<meta property=\"og:title\" content=\"Datenschutzerkl\u00e4rung | Fliesen Meseberg\" \/>\n<meta property=\"og:description\" content=\"Verantwortliche Stelle im Sinne der Datenschutzgesetze ist: Fliesenfachbetrieb M. Meseberg Hauptstra\u00dfe 58 74376 Gemmrigheim Cookies Wie viele andere Webseiten verwenden wir auch so genannte \u201eCookies\u201c. Cookies sind kleine Textdateien, die von einem Webseitenserver auf Ihre Festplatte \u00fcbertragen werden. Hierdurch erhalten...Read more\" \/>\n<meta property=\"og:url\" content=\"https:\/\/fliesen-meseberg.de\/?page_id=368\" \/>\n<meta property=\"og:site_name\" content=\"Fliesen Meseberg\" \/>\n<meta property=\"article:publisher\" content=\"https:\/\/www.facebook.com\/fliesenmeseberg\" \/>\n<meta property=\"article:modified_time\" content=\"2023-01-13T10:36:22+00:00\" \/>\n<meta name=\"twitter:label1\" content=\"Gesch\u00e4tzte Lesezeit\" \/>\n\t<meta name=\"twitter:data1\" content=\"3\u00a0Minuten\" \/>\n<script type=\"application\/ld+json\" class=\"yoast-schema-graph\">{\"@context\":\"https:\\\/\\\/schema.org\",\"@graph\":[{\"@type\":\"WebPage\",\"@id\":\"https:\\\/\\\/fliesen-meseberg.de\\\/?page_id=368\",\"url\":\"https:\\\/\\\/fliesen-meseberg.de\\\/?page_id=368\",\"name\":\"Datenschutzerkl\u00e4rung | Fliesen Meseberg\",\"isPartOf\":{\"@id\":\"https:\\\/\\\/fliesen-meseberg.de\\\/#website\"},\"datePublished\":\"2018-04-16T16:50:04+00:00\",\"dateModified\":\"2023-01-13T10:36:22+00:00\",\"breadcrumb\":{\"@id\":\"https:\\\/\\\/fliesen-meseberg.de\\\/?page_id=368#breadcrumb\"},\"inLanguage\":\"de\",\"potentialAction\":[{\"@type\":\"ReadAction\",\"target\":[\"https:\\\/\\\/fliesen-meseberg.de\\\/?page_id=368\"]}]},{\"@type\":\"BreadcrumbList\",\"@id\":\"https:\\\/\\\/fliesen-meseberg.de\\\/?page_id=368#breadcrumb\",\"itemListElement\":[{\"@type\":\"ListItem\",\"position\":1,\"name\":\"Home\",\"item\":\"https:\\\/\\\/fliesen-meseberg.de\\\/\"},{\"@type\":\"ListItem\",\"position\":2,\"name\":\"Datenschutzerkl\u00e4rung\"}]},{\"@type\":\"WebSite\",\"@id\":\"https:\\\/\\\/fliesen-meseberg.de\\\/#website\",\"url\":\"https:\\\/\\\/fliesen-meseberg.de\\\/\",\"name\":\"Fliesen Meseberg\",\"description\":\"Ihr Fliesenlegerbetrieb mit spezialisiertem Fachpersonal\",\"publisher\":{\"@id\":\"https:\\\/\\\/fliesen-meseberg.de\\\/#organization\"},\"potentialAction\":[{\"@type\":\"SearchAction\",\"target\":{\"@type\":\"EntryPoint\",\"urlTemplate\":\"https:\\\/\\\/fliesen-meseberg.de\\\/?s={search_term_string}\"},\"query-input\":{\"@type\":\"PropertyValueSpecification\",\"valueRequired\":true,\"valueName\":\"search_term_string\"}}],\"inLanguage\":\"de\"},{\"@type\":\"Organization\",\"@id\":\"https:\\\/\\\/fliesen-meseberg.de\\\/#organization\",\"name\":\"Fliesen Meseberg\",\"url\":\"https:\\\/\\\/fliesen-meseberg.de\\\/\",\"logo\":{\"@type\":\"ImageObject\",\"inLanguage\":\"de\",\"@id\":\"https:\\\/\\\/fliesen-meseberg.de\\\/#\\\/schema\\\/logo\\\/image\\\/\",\"url\":\"https:\\\/\\\/fliesen-meseberg.de\\\/wp-content\\\/uploads\\\/2018\\\/04\\\/stern.jpg\",\"contentUrl\":\"https:\\\/\\\/fliesen-meseberg.de\\\/wp-content\\\/uploads\\\/2018\\\/04\\\/stern.jpg\",\"width\":338,\"height\":321,\"caption\":\"Fliesen Meseberg\"},\"image\":{\"@id\":\"https:\\\/\\\/fliesen-meseberg.de\\\/#\\\/schema\\\/logo\\\/image\\\/\"},\"sameAs\":[\"https:\\\/\\\/www.facebook.com\\\/fliesenmeseberg\"]}]}<\/script>\n<!-- \/ Yoast SEO plugin. -->","yoast_head_json":{"title":"Datenschutzerkl\u00e4rung | Fliesen Meseberg","robots":{"index":"index","follow":"follow","max-snippet":"max-snippet:-1","max-image-preview":"max-image-preview:large","max-video-preview":"max-video-preview:-1"},"canonical":"https:\/\/fliesen-meseberg.de\/?page_id=368","og_locale":"de_DE","og_type":"article","og_title":"Datenschutzerkl\u00e4rung | Fliesen Meseberg","og_description":"Verantwortliche Stelle im Sinne der Datenschutzgesetze ist: Fliesenfachbetrieb M. Meseberg Hauptstra\u00dfe 58 74376 Gemmrigheim Cookies Wie viele andere Webseiten verwenden wir auch so genannte \u201eCookies\u201c. Cookies sind kleine Textdateien, die von einem Webseitenserver auf Ihre Festplatte \u00fcbertragen werden. Hierdurch erhalten...Read more","og_url":"https:\/\/fliesen-meseberg.de\/?page_id=368","og_site_name":"Fliesen Meseberg","article_publisher":"https:\/\/www.facebook.com\/fliesenmeseberg","article_modified_time":"2023-01-13T10:36:22+00:00","twitter_misc":{"Gesch\u00e4tzte Lesezeit":"3\u00a0Minuten"},"schema":{"@context":"https:\/\/schema.org","@graph":[{"@type":"WebPage","@id":"https:\/\/fliesen-meseberg.de\/?page_id=368","url":"https:\/\/fliesen-meseberg.de\/?page_id=368","name":"Datenschutzerkl\u00e4rung | Fliesen Meseberg","isPartOf":{"@id":"https:\/\/fliesen-meseberg.de\/#website"},"datePublished":"2018-04-16T16:50:04+00:00","dateModified":"2023-01-13T10:36:22+00:00","breadcrumb":{"@id":"https:\/\/fliesen-meseberg.de\/?page_id=368#breadcrumb"},"inLanguage":"de","potentialAction":[{"@type":"ReadAction","target":["https:\/\/fliesen-meseberg.de\/?page_id=368"]}]},{"@type":"BreadcrumbList","@id":"https:\/\/fliesen-meseberg.de\/?page_id=368#breadcrumb","itemListElement":[{"@type":"ListItem","position":1,"name":"Home","item":"https:\/\/fliesen-meseberg.de\/"},{"@type":"ListItem","position":2,"name":"Datenschutzerkl\u00e4rung"}]},{"@type":"WebSite","@id":"https:\/\/fliesen-meseberg.de\/#website","url":"https:\/\/fliesen-meseberg.de\/","name":"Fliesen Meseberg","description":"Ihr Fliesenlegerbetrieb mit spezialisiertem Fachpersonal","publisher":{"@id":"https:\/\/fliesen-meseberg.de\/#organization"},"potentialAction":[{"@type":"SearchAction","target":{"@type":"EntryPoint","urlTemplate":"https:\/\/fliesen-meseberg.de\/?s={search_term_string}"},"query-input":{"@type":"PropertyValueSpecification","valueRequired":true,"valueName":"search_term_string"}}],"inLanguage":"de"},{"@type":"Organization","@id":"https:\/\/fliesen-meseberg.de\/#organization","name":"Fliesen Meseberg","url":"https:\/\/fliesen-meseberg.de\/","logo":{"@type":"ImageObject","inLanguage":"de","@id":"https:\/\/fliesen-meseberg.de\/#\/schema\/logo\/image\/","url":"https:\/\/fliesen-meseberg.de\/wp-content\/uploads\/2018\/04\/stern.jpg","contentUrl":"https:\/\/fliesen-meseberg.de\/wp-content\/uploads\/2018\/04\/stern.jpg","width":338,"height":321,"caption":"Fliesen Meseberg"},"image":{"@id":"https:\/\/fliesen-meseberg.de\/#\/schema\/logo\/image\/"},"sameAs":["https:\/\/www.facebook.com\/fliesenmeseberg"]}]}},"_links":{"self":[{"href":"https:\/\/fliesen-meseberg.de\/index.php?rest_route=\/wp\/v2\/pages\/368","targetHints":{"allow":["GET"]}}],"collection":[{"href":"https:\/\/fliesen-meseberg.de\/index.php?rest_route=\/wp\/v2\/pages"}],"about":[{"href":"https:\/\/fliesen-meseberg.de\/index.php?rest_route=\/wp\/v2\/types\/page"}],"author":[{"embeddable":true,"href":"https:\/\/fliesen-meseberg.de\/index.php?rest_route=\/wp\/v2\/users\/2"}],"replies":[{"embeddable":true,"href":"https:\/\/fliesen-meseberg.de\/index.php?rest_route=%2Fwp%2Fv2%2Fcomments&post=368"}],"version-history":[{"count":7,"href":"https:\/\/fliesen-meseberg.de\/index.php?rest_route=\/wp\/v2\/pages\/368\/revisions"}],"predecessor-version":[{"id":690,"href":"https:\/\/fliesen-meseberg.de\/index.php?rest_route=\/wp\/v2\/pages\/368\/revisions\/690"}],"wp:attachment":[{"href":"https:\/\/fliesen-meseberg.de\/index.php?rest_route=%2Fwp%2Fv2%2Fmedia&parent=368"}],"curies":[{"name":"wp","href":"https:\/\/api.w.org\/{rel}","templated":true}]}}